{"id":32122,"date":"2025-08-03T15:54:28","date_gmt":"2025-08-03T13:54:28","guid":{"rendered":"https:\/\/mocyoni.com\/?post_type=product&#038;p=32122"},"modified":"2026-04-09T19:03:51","modified_gmt":"2026-04-09T17:03:51","slug":"konsultacja-astrologiczna-milosc-relacje-rodzina","status":"publish","type":"product","link":"https:\/\/mocyoni.com\/index.php\/produkt\/konsultacja-astrologiczna-milosc-relacje-rodzina\/","title":{"rendered":"Konsultacja astrologiczna: MI\u0141O\u015a\u0106 \u2022 RELACJE \u2022 RODZINA"},"content":{"rendered":"<h4 style=\"text-align: center;\" data-start=\"225\" data-end=\"255\">MI\u0141O\u015a\u0106 \u2022 RELACJE \u2022 RODZINA<\/h4>\n<p data-start=\"33\" data-end=\"229\"><strong data-start=\"110\" data-end=\"227\">Pragniesz zrozumie\u0107 siebie w temacie mi\u0142o\u015bci, zwi\u0105zk\u00f3w i rodziny? To najlepsze miejsce.<\/strong><\/p>\n<p data-start=\"215\" data-end=\"350\">Relacje, kt\u00f3re tworzysz s\u0105 odbiciem tego, jak jeste\u015b po\u0142\u0105czona\/y ze sob\u0105: z cia\u0142em, z emocjami, z histori\u0105, kt\u00f3ra Ci\u0119 ukszta\u0142towa\u0142a. Czasem nosimy w sobie napi\u0119cie i nieu\u015bwiadomione wzorce, kt\u00f3re zamykaj\u0105 nas na blisko\u015b\u0107 \u2014 cho\u0107 pragniemy jej najbardziej. Czasem zn\u00f3w wchodzimy w relacje pe\u0142ne iluzji, oczekiwa\u0144 lub nadziei, \u017ce kto\u015b wype\u0142ni pustk\u0119, kt\u00f3r\u0105 tylko my mo\u017cemy ukocha\u0107.<\/p>\n<p data-start=\"181\" data-end=\"851\"><strong>Podczas analizy odkryjesz:<\/strong><\/p>\n<p>\u2022 jak <strong>budujesz blisko\u015b\u0107 i czego naprawd\u0119 potrzebujesz<\/strong>, by czu\u0107 si\u0119 bezpiecznie,<br data-start=\"947\" data-end=\"950\" \/>\u2022 jakie s\u0105 Twoje <strong>potrzeby emocjonalne<\/strong> i jakie mechanizmy obronne sabotuj\u0105 Twoje relacje,<br data-start=\"1033\" data-end=\"1036\" \/>\u2022 jak wyra\u017casz swoje uczucia, co mo\u017ce by\u0107 trudno\u015bci\u0105 w Twojej komunikacji<br data-start=\"1155\" data-end=\"1158\" \/>\u2022 jakiego <strong>partnera naprawd\u0119 szukasz<\/strong> i kto odpowiada Twoim g\u0142\u0119bokim potrzebom,<br data-start=\"1239\" data-end=\"1242\" \/>\u2022 jakim<strong> rodzicem masz potencja\u0142 by\u0107<\/strong>, oraz jak pracowa\u0107 z tematem w\u0142asnych rodzic\u00f3w<br data-start=\"1475\" data-end=\"1478\" \/>\u2022 co daje Ci przyjemno\u015b\u0107, mi\u0119kko\u015b\u0107, spe\u0142nienie i jak otwiera\u0107 cia\u0142o na mi\u0142o\u015b\u0107,<br data-start=\"1560\" data-end=\"1563\" \/>\u2022 dlaczego przyci\u0105gasz te same typy os\u00f3b i jak \u015bwiadomie zmienia\u0107 swoj\u0105 energetyk\u0119 relacyjn\u0105,<br data-start=\"1660\" data-end=\"1663\" \/>\u2022 co utrudnia Ci zbudowanie zwi\u0105zku lub utrzymanie g\u0142\u0119bokiej, bliskiej relacji,<br data-start=\"1746\" data-end=\"1749\" \/>\u2022 czy sta\u0142a relacja jest dla Ciebie spe\u0142nieniem<\/p>\n<p data-start=\"1823\" data-end=\"1883\"><strong>Twoje relacje mog\u0105 by\u0107 \u017ar\u00f3d\u0142em rado\u015bci, a nie ci\u0105g\u0142ej walki.<\/strong><\/p>\n<p data-start=\"1885\" data-end=\"2154\">Zamiast powtarza\u0107 w k\u00f3\u0142ko te same schematy, zacznij tworzy\u0107 mi\u0142o\u015b\u0107, kt\u00f3ra jest od\u017cywcza \u2014 dla Ciebie i dla drugiej osoby. Mi\u0142o\u015b\u0107, kt\u00f3ra nie opiera si\u0119 na grze, udawaniu ani t\u0119sknocie za kim\u015b niedost\u0119pnym. Ale na obecno\u015bci, dojrza\u0142o\u015bci i wzajemnym widzeniu si\u0119 naprawd\u0119.<\/p>\n<p data-start=\"2156\" data-end=\"2209\">To mo\u017cliwe \u2014 niezale\u017cnie od tego, gdzie teraz jeste\u015b.<\/p>\n<h4 data-start=\"2156\" data-end=\"2209\"><strong>Jak wygl\u0105da odczyt kosmogramu?<\/strong><\/h4>\n<p data-start=\"2156\" data-end=\"2209\">Najpierw wybierasz form\u0119 spotkania, kt\u00f3ra najbardziej Ci odpowiada:<\/p>\n<ul>\n<li data-start=\"2156\" data-end=\"2209\">Online na \u017cywo &#8211; rozmowa, podczas kt\u00f3rej om\u00f3wimy Tw\u00f3j kosmogram i odpowiem na Twoje pytania<\/li>\n<li data-start=\"2156\" data-end=\"2209\">G\u0142os\u00f3wki \/ podcast o Tobie &#8211; nagrany dla Ciebie specjalnie materia\u0142, na kt\u00f3ry mo\u017cesz reagowa\u0107 i odpowiada\u0107 w swoim tempie<\/li>\n<\/ul>\n<p>Po odczycie otrzymasz PDF z najwa\u017cniejszymi informacjami dotycz\u0105cymi Twojej energetyki, kt\u00f3ry b\u0119dzie Twoim osobistym przewodnikiem po kosmogramie.<\/p>\n","protected":false},"excerpt":{"rendered":"<p>MI\u0141O\u015a\u0106 \u2022 RELACJE \u2022 RODZINA Pragniesz zrozumie\u0107 siebie w temacie mi\u0142o\u015bci, zwi\u0105zk\u00f3w i rodziny? To najlepsze miejsce. Relacje, kt\u00f3re tworzysz s\u0105 odbiciem tego, jak jeste\u015b po\u0142\u0105czona\/y ze sob\u0105: z cia\u0142em, z emocjami, z histori\u0105, kt\u00f3ra Ci\u0119 ukszta\u0142towa\u0142a. Czasem nosimy w sobie napi\u0119cie i nieu\u015bwiadomione wzorce, kt\u00f3re zamykaj\u0105 nas na blisko\u015b\u0107 \u2014 cho\u0107 pragniemy jej najbardziej.&hellip; <br \/> <a class=\"button small blue\" href=\"https:\/\/mocyoni.com\/index.php\/produkt\/konsultacja-astrologiczna-milosc-relacje-rodzina\/\">Dowiedz si\u0119 wi\u0119cej<\/a><\/p>\n","protected":false},"featured_media":32123,"template":"","meta":{"jetpack_post_was_ever_published":true,"jetpack_publicize_message":"","jetpack_publicize_feature_enabled":true,"jetpack_social_post_already_shared":true,"jetpack_social_options":{"image_generator_settings":{"template":"highway","default_image_id":0,"font":"","enabled":false},"version":2}},"product_brand":[],"product_cat":[61],"product_tag":[],"class_list":{"0":"post-32122","1":"product","2":"type-product","3":"status-publish","4":"has-post-thumbnail","6":"product_cat-terapia-online","8":"first","9":"instock","10":"virtual","11":"purchasable","12":"product-type-simple"},"jetpack_publicize_connections":[],"jetpack_sharing_enabled":true,"_links":{"self":[{"href":"https:\/\/mocyoni.com\/index.php\/wp-json\/wp\/v2\/product\/32122","targetHints":{"allow":["GET"]}}],"collection":[{"href":"https:\/\/mocyoni.com\/index.php\/wp-json\/wp\/v2\/product"}],"about":[{"href":"https:\/\/mocyoni.com\/index.php\/wp-json\/wp\/v2\/types\/product"}],"wp:featuredmedia":[{"embeddable":true,"href":"https:\/\/mocyoni.com\/index.php\/wp-json\/wp\/v2\/media\/32123"}],"wp:attachment":[{"href":"https:\/\/mocyoni.com\/index.php\/wp-json\/wp\/v2\/media?parent=32122"}],"wp:term":[{"taxonomy":"product_brand","embeddable":true,"href":"https:\/\/mocyoni.com\/index.php\/wp-json\/wp\/v2\/product_brand?post=32122"},{"taxonomy":"product_cat","embeddable":true,"href":"https:\/\/mocyoni.com\/index.php\/wp-json\/wp\/v2\/product_cat?post=32122"},{"taxonomy":"product_tag","embeddable":true,"href":"https:\/\/mocyoni.com\/index.php\/wp-json\/wp\/v2\/product_tag?post=32122"}],"curies":[{"name":"wp","href":"https:\/\/api.w.org\/{rel}","templated":true}]}}